{"id":2718,"date":"2025-09-24T03:47:55","date_gmt":"2025-09-24T01:47:55","guid":{"rendered":"https:\/\/todoestanueve.com\/?post_type=product&#038;p=2718"},"modified":"2025-09-24T03:47:56","modified_gmt":"2025-09-24T01:47:56","slug":"apple-iphone-15-pro-max-256-gb-titanio-natural","status":"publish","type":"product","link":"https:\/\/todoestanueve.com\/?product=apple-iphone-15-pro-max-256-gb-titanio-natural","title":{"rendered":"Apple iPhone 15 Pro Max &#8211; 256 GB &#8211; Titanio natural"},"content":{"rendered":"<p>Apple iPhone 15 Pro Max &#8211; 256 GB &#8211; Titanio natural<\/p>\n<p>Caracter\u00edsticas especiales<br \/>\nReconocimiento facial 3D, Grabaci\u00f3n de video 4K, Aceler\u00f3metro, Flash, Bluetooth habilitado, Triple c\u00e1mara, Sensor de presi\u00f3n, Correo electr\u00f3nico, Web, eSIM, Reconocimiento facial, GPRS, GPS, Funci\u00f3n HDR, Internet, Carga r\u00e1pida inal\u00e1mbrica, Carga inal\u00e1mbrica, C\u00e1mara, Esc\u00e1ner LiDAR, Nano SIM, Pantalla OLED, C\u00e1mara trasera, Carga r\u00e1pida, Resistente al polvo, Teleobjetivo, C\u00e1mara ultra gran angular, Vibraci\u00f3n, Videollamada, Resistente al agua, Wi-Fi habilitado<br \/>\nResoluci\u00f3n de la c\u00e1mara<br \/>\n48.0 megap\u00edxeles<br \/>\nEspectro EEK<br \/>\nA &#8211; G<br \/>\nCon contrato<br \/>\nSin contrato<br \/>\nProcesador<br \/>\nHexa Core<br \/>\nFormato de tarjeta de memoria<br \/>\nCompactFlash<br \/>\nLibre de f\u00e1brica<br \/>\nOperador m\u00f3vil<br \/>\nDesbloqueado<br \/>\nRanura para tarjeta SIM<br \/>\nDual SIM (SIM + eSIM)<br \/>\nModo de funcionamiento Sistema<br \/>\niOS<br \/>\nGarant\u00eda del fabricante<br \/>\nNo aplicable (incluye garant\u00eda de venta al p\u00fablico de 1 a\u00f1o)<br \/>\nTama\u00f1o de pantalla<br \/>\n6.7 pulgadas<br \/>\nColor<br \/>\nTitanio natural<br \/>\nMarca<br \/>\nApple<br \/>\nModelo<br \/>\nApple iPhone 15 Pro Max<br \/>\nConectividad<br \/>\n2G, 3G, 4G, 4G+, 5G, Bluetooth, GPRS, GPS, LTE, NFC, USB tipo C, Wi-Fi<br \/>\nCapacidad de almacenamiento<br \/>\n256 GB<br \/>\nRAM<br \/>\n8 GB<\/p>\n","protected":false},"excerpt":{"rendered":"<p>Apple iPhone 15 Pro Max &#8211; 256 GB &#8211; Titanio natural Caracter\u00edsticas especiales Reconocimiento facial 3D, Grabaci\u00f3n de video 4K, Aceler\u00f3metro, Flash, Bluetooth habilitado, Triple c\u00e1mara, Sensor de presi\u00f3n, Correo electr\u00f3nico, Web, eSIM, Reconocimiento facial, GPRS, GPS, Funci\u00f3n HDR, Internet, Carga r\u00e1pida inal\u00e1mbrica, Carga inal\u00e1mbrica, C\u00e1mara, Esc\u00e1ner LiDAR, Nano SIM, Pantalla OLED, C\u00e1mara trasera, Carga [&hellip;]<\/p>\n","protected":false},"featured_media":2721,"comment_status":"open","ping_status":"closed","template":"","meta":{"content-type":""},"product_cat":[89],"product_tag":[],"class_list":{"0":"post-2718","1":"product","2":"type-product","3":"status-publish","4":"has-post-thumbnail","6":"product_cat-telefonia","8":"first","9":"instock","10":"taxable","11":"shipping-taxable","12":"purchasable","13":"product-type-simple","14":"add-to-wishlist-after_add_to_cart"},"_links":{"self":[{"href":"https:\/\/todoestanueve.com\/index.php?rest_route=\/wp\/v2\/product\/2718","targetHints":{"allow":["GET"]}}],"collection":[{"href":"https:\/\/todoestanueve.com\/index.php?rest_route=\/wp\/v2\/product"}],"about":[{"href":"https:\/\/todoestanueve.com\/index.php?rest_route=\/wp\/v2\/types\/product"}],"replies":[{"embeddable":true,"href":"https:\/\/todoestanueve.com\/index.php?rest_route=%2Fwp%2Fv2%2Fcomments&post=2718"}],"wp:featuredmedia":[{"embeddable":true,"href":"https:\/\/todoestanueve.com\/index.php?rest_route=\/wp\/v2\/media\/2721"}],"wp:attachment":[{"href":"https:\/\/todoestanueve.com\/index.php?rest_route=%2Fwp%2Fv2%2Fmedia&parent=2718"}],"wp:term":[{"taxonomy":"product_cat","embeddable":true,"href":"https:\/\/todoestanueve.com\/index.php?rest_route=%2Fwp%2Fv2%2Fproduct_cat&post=2718"},{"taxonomy":"product_tag","embeddable":true,"href":"https:\/\/todoestanueve.com\/index.php?rest_route=%2Fwp%2Fv2%2Fproduct_tag&post=2718"}],"curies":[{"name":"wp","href":"https:\/\/api.w.org\/{rel}","templated":true}]}}